{"id":2,"date":"2023-12-25T00:52:20","date_gmt":"2023-12-25T00:52:20","guid":{"rendered":"http:\/\/movilidadcantabria.es\/?page_id=2"},"modified":"2023-12-25T01:09:08","modified_gmt":"2023-12-25T01:09:08","slug":"presentacion","status":"publish","type":"page","link":"https:\/\/movilidadcantabria.es\/index.php\/presentacion\/","title":{"rendered":"Presentaci\u00f3n"},"content":{"rendered":"\n<p>Bienvenidos al blog de <a href=\"http:\/\/movilidadcantabria.es\">Movilidad Cantabria<\/a>. <\/p>\n\n\n\n<p>Soy Manuel N\u00fa\u00f1ez (<a href=\"https:\/\/twitter.com\/Nel_Reyerta\" data-type=\"link\" data-id=\"https:\/\/twitter.com\/Nel_Reyerta\">nel_reyerta<\/a> en twitter) y he comenzado este espacio con el objetivo de desarrollar un espacio donde se hable del transporte p\u00fablico de Cantabria. La idea es tratar el estado actual del transporte p\u00fablico as\u00ed como su pasado, futuro y diversas propuestas de mejora del mismo. <\/p>\n\n\n\n<p>El enfoque c\u00e1ntabro no implica que no se vayan a tratar otros temas de otras comunidades o pa\u00edses. Que algo funcione en un sitio no implica que vaya a funcionar aqu\u00ed, pero est\u00e1 bien fijarse en los proyectos exitosos&#8230;<\/p>\n\n\n\n<p>Creo que todos sabemos que la movilidad en Cantabria es uno de los retos a los que se enfrenta la Comunidad, as\u00ed que si est\u00e1s leyendo esto si\u00e9ntete bienvenido o bienvenida a aportar, contribuir y preguntar.<\/p>\n\n\n\n<p>Un saludo.<\/p>\n\n\n\n<p>Manuel<\/p>\n","protected":false},"excerpt":{"rendered":"<p>Bienvenidos al blog de Movilidad Cantabria. Soy Manuel N\u00fa\u00f1ez (nel_reyerta en twitter) y he comenzado este espacio con el objetivo de desarrollar un espacio donde se hable del transporte p\u00fablico de Cantabria. La idea es tratar el estado actual del transporte p\u00fablico as\u00ed como su pasado, futuro y diversas propuestas de mejora del mismo. El [&hellip;]<\/p>\n","protected":false},"author":1,"featured_media":0,"parent":0,"menu_order":0,"comment_status":"closed","ping_status":"open","template":"","meta":{"footnotes":""},"class_list":["post-2","page","type-page","status-publish","hentry"],"_links":{"self":[{"href":"https:\/\/movilidadcantabria.es\/index.php\/wp-json\/wp\/v2\/pages\/2","targetHints":{"allow":["GET"]}}],"collection":[{"href":"https:\/\/movilidadcantabria.es\/index.php\/wp-json\/wp\/v2\/pages"}],"about":[{"href":"https:\/\/movilidadcantabria.es\/index.php\/wp-json\/wp\/v2\/types\/page"}],"author":[{"embeddable":true,"href":"https:\/\/movilidadcantabria.es\/index.php\/wp-json\/wp\/v2\/users\/1"}],"replies":[{"embeddable":true,"href":"https:\/\/movilidadcantabria.es\/index.php\/wp-json\/wp\/v2\/comments?post=2"}],"version-history":[{"count":1,"href":"https:\/\/movilidadcantabria.es\/index.php\/wp-json\/wp\/v2\/pages\/2\/revisions"}],"predecessor-version":[{"id":7,"href":"https:\/\/movilidadcantabria.es\/index.php\/wp-json\/wp\/v2\/pages\/2\/revisions\/7"}],"wp:attachment":[{"href":"https:\/\/movilidadcantabria.es\/index.php\/wp-json\/wp\/v2\/media?parent=2"}],"curies":[{"name":"wp","href":"https:\/\/api.w.org\/{rel}","templated":true}]}}